 to base 11.
-5282537
Convert -101000201221 (base 3) to base 11.
-125316
-110010111010000001100 (base 2) to base 12
-685410
2133322134 (base 5) to base 8
21402764
Convert -1450554 (base 6) to base 15.
-1a054
What is 14146121 (base 7) in base 11?
82381a
Convert 19558c (base 13) to base 6.
21420144
What is -202024 (base 11) in base 15?
-6637a
3194a0 (base 15) to base 11
1372264
1012312002 (base 4) to base 9
482040
What is 314437 (base 9) in base 14?
4c1dc
43c225 (base 13) to base 16
186094
-7113 (base 14) to base 4
-10233131
What is c275ae (base 16) in base 15?
11bb075
Convert 2014013 (base 5) to base 11.
2236a
30333156 (base 7) to base 11
147839a
Convert b3a27 (base 12) to base 5.
30003001
-14a53a (base 11) to base 7
-1661654
-298263 (base 10) to base 6
-10220503
What is -506114 (base 8) in base 7?
-1263563
-59462 (base 12) to base 14
-31990
111111111000110 (base 2) to base 14
bcc6
15656 (base 9) to base 2
10100111110111
Convert 5051766 (base 8) to base 10.
1332214
Convert -210220221102 (base 3) to base 2.
-1101001010110100101
-1001101110101010 (base 2) to base 11
-27a38
-1120105552 (base 6) to base 9
-25166385
-300210100 (base 5) to base 10
-1178775
What is -43336223 (base 8) in base 12?
-313b5ab
-1b85d19 (base 14) to base 11
-7855022
What is -76363 (base 8) in base 7?
-162154
What is b3ab4 (base 15) in base 11?
3598a4
Convert -102131322 (base 4) to base 8.
-223572
100303321 (base 4) to base 12
33a21
Convert 7a26e (base 15) to base 9.
652145
-243220000 (base 5) to base 13
-312784
What is -1101232313 (base 4) in base 7?
-2563010
What is -127445 (base 10) in base 5?
-13034240
What is -1441588 (base 9) in base 10?
-795095
Convert -157 (base 15) to base 7.
-616
What is -50330 (base 11) in base 15?
-16c1b
Convert 446331 (base 7) to base 12.
39903
111110011001110001010 (base 2) to base 10
2044810
What is -40114521 (base 7) in base 16?
-329544
-1110011011100110 (base 2) to base 5
-3342420
Convert -1504132 (base 7) to base 9.
-338567
-10246610 (base 7) to base 8
-3241400
What is 23809 (base 15) in base 14?
2d368
What is -9615757 (base 10) in base 4?
-210223212031
What is 144141144 (base 5) in base 3?
1110012012021
Convert 88460a (base 11) to base 6.
50131100
Convert -404c3 (base 13) to base 15.
-2416e
-103312011020 (base 4) to base 16
-4f6148
Convert 1478aa (base 12) to base 14.
8dadc
-1672167 (base 8) to base 14
-ca099
Convert b5cc95 (base 15) to base 5.
4203241330
Convert -1110111001111 (base 2) to base 12.
-44bb
Convert -7863405 (base 10) to base 11.
-4490990
What is -11183 (base 10) in base 5?
-324213
11111001011100011110 (base 2) to base 15
152b01
What is 48158 (base 13) in base 2?
100000001111011110
Convert -200022211002 (base 3) to base 12.
-154902
21221001112 (base 3) to base 16
2618f
Convert -6664 (base 10) to base 9.
-10124
16666565 (base 8) to base 6
215250433
What is 3314a4 (base 12) in base 13?
22527a
Convert 241104221 (base 5) to base 9.
2075744
What is 1110101101001110001 (base 2) in base 11?
2aa076
What is -105823 (base 9) in base 11?
-43673
-1504120 (base 6) to base 9
-141523
What is 5202143 (base 10) in base 5?
2312432033
Convert -331421 (base 9) to base 12.
-9663a
-464310 (base 8) to base 6
-3215000
Convert 68050 (base 9) to base 8.
130273
-25054236 (base 8) to base 15
-742c90
-28185 (base 13) to base 11
-51370
Convert -79511 (base 10) to base 9.
-131055
What is 3521e0 (base 15) in base 9?
4688063
What is b7bb7 (base 12) in base 15?
4ba2a
Convert -260fe (base 16) to base 8.
-460376
Convert 33224 (base 13) to base 2.
10110100111100010
What is -311059 (base 10) in base 16?
-4bf13
What is -222312301 (base 4) in base 11?
-10a97a
What is 101001211 (base 3) in base 8?
16253
Convert -22221601 (base 7) to base 2.
-111010101000110011110
-8282 (base 16) to base 15
-9d75
Convert -8185a4 (base 11) to base 16.
-140e70
Convert 27592 (base 11) to base 3.
1222220202
Convert 20448b (base 16) to base 6.
113154135
What is -2747c (base 13) in base 5?
-4321110
Convert 9b147 (base 13) to base 16.
44b64
What is 199186 (base 13) in base 5?
131222034
Convert -1346341 (base 8) to base 5.
-44131004
231420401 (base 6) to base 5
2043421122
Convert -142321442 (base 5) to base 7.
-6222506
-27107571 (base 8) to base 6
-334003305
Convert -78a76a9 (base 11) to base 3.
-222001110000101
What is 4112332331 (base 5) in base 16?
7f03fb
What is 59039 (base 11) in base 13?
2ca3b
What is 11101100011010001001 (base 2) in base 4?
3230122021
What is 110000100000011 (base 2) in base 7?
132256
5822a (base 15) to base 16
44827
3354a9 (base 14) to base 6
101211101
What is 2123102323 (base 4) in base 3?
1012022112221
What is -c97bc (base 13) in base 16?
-58d43
What is -25087 (base 13) in base 12?
-3358a
What is 64a293 (base 12) in base 3?
2222222000210
Convert -38132 (base 15) to base 16.
-2bbcb
1021097 (base 13) to base 9
10166608
What is 8864857 (base 9) in base 7?
55342450
-52b436 (base 12) to base 13
-369156
Convert 32102353 (base 6) to base 5.
220111334
What is 2220023 (base 4) in base 15?
32c8
What is 3203203301 (base 4) in base 16?
e38f1
What is 4071c (base 16) in base 4?
1000130130
-3ccc73 (base 15) to base 6
-142435513
Convert -43053301 (base 6) to base 3.
-2101100221001
-18492 (base 12) to base 2
-1000100110101110
Convert -10110101000011000 (base 2) to base 9.
-151135
What is 1242702 (base 8) in base 6?
11223414
What is e396 (base 16) in base 3?
2221220212
Convert 774a4e (base 15) to base 3.
101200212111002
What is 1b3a079 (base 12) in base 8?
26105335
Convert 3872ba (base 14) to base 7.
22331423
What is -2403889 (base 10) in base 6?
-123305041
Convert 121201211111 (base 3) to base 11.
205522
da50c (base 14) to base 5
113342330
-1000001101110110100 (base 2) to base 7
-2200642
1867410 (base 9) to base 6
34250443
Convert -1002032 (base 4) to base 3.
-12210222
Convert 230204131 (base 5) to base 8.
3714720
Convert -13dc7 (base 15) to base 8.
-174566
41202460 (base 7) to base 4
31021121113
3562513 (base 7) to base 5
103433304
Convert 110330215 (base 6) to base 2.
111100101000100100011
-10a347 (base 12) to base 6
-5414131
Convert -625996 (base 10) to base 7.
-5215030
-57627 (base 12) to base 9
-187034
What is 1702483 (base 9) in base 13?
271b57
What is 101110001001111111000110 (base 2) in base 13?
26783aa
-1110010110101111000001 (base 2) to base 6
-212353533
What is 110001110111111011101 (base 2) in base 13?
452b30
Convert 100010211121022 (base 3) to base 7.
56203466
What is 1000100000011001 (base 2) in base 13?
12b21
-386064 (base 9) to base 16
-39253
Convert -70751 (base 11) to base 13.
-380a1
5243213 (base 6) to base 7
2110461
Convert -123278 (base 9) to base 2.
-10010001101011111
What is 1111100010001101101 (base 2) in base 15?
a0c5c
What is 35045 (base 11) in base 15?
10002
What is 1d1d (base 14) in base 3?
21022000
What is 3217278 (base 10) in base 2?
1100010001011101111110
What is 740433 (base 10) in base 8?
2646121
312400 (base 7) to base 12
270b4
-11042333 (base 5) to base 10
-96593
-103110022 (base 4) to base 8
-232412
What is -16553333 (base 7) in base 8?
-6151065
What is 61b14 (base 13) in base 12?
8563b
46016 (base 10) to base 7
251105
What is -1548286 (base 9) in base 13?
-240cb1
-3312311 (base 6) to base 11
-103087
What is 42413404 (base 5) in base 2?
1010111001111101010
969d1 (base 14) to base 16
58e7b
Convert 30d631 (base 14) to base 9.
3084776
Convert 1000101000001010 (base 2) to base 12.
1854a
What is 99a39 (base 11) in base 7?
1142512
167587 (base 9) to base 15
20c37
22000022303 (base 4) to base 7
31200461
-daa29 (base 14) to base 11
-331369
1111110100001100101 (base 2) to base 6
15035141
-214617 (base 8) to base 14
-1c3a7
163a176 (base 11) to base 6
135525120
Convert 12756831 (base 9) to base 4.
120001113121
What is -101110000010111001000000 (base 2) in base 14?
-1862c00
-275144 (base 9) to base 3
-22112011111
Convert -4c093c (base 15) to base 10.
-3647082
-3a32419 (base 12) to base 4
-223322223111
Convert -320211b (base 13) to base 15.
-150bd35
-202022220020 (base 3) to base 15
-7d866
Convert -6538654 (base 9) to base 16.
-358eb5
Convert -11001201 (base 5) to base 3.
-11202211202
Convert 44774600 (base 8) to base 11.
5523aa9
What is 232a3 (base 14) in base 12?
41653
What is -102510 (base 10) in base 9?
-165550
Convert -3412225 (base 7) to base 2.
-110